{"id":1555,"date":"2019-05-17T09:10:56","date_gmt":"2019-05-17T07:10:56","guid":{"rendered":"https:\/\/www.krauthahn-berlin.de\/?page_id=1555"},"modified":"2025-09-02T14:27:10","modified_gmt":"2025-09-02T12:27:10","slug":"ebay-shop","status":"publish","type":"page","link":"https:\/\/www.krauthahn-berlin.de\/index.php\/ebay-shop\/","title":{"rendered":"eBay-Shop"},"content":{"rendered":"\t\t<div data-elementor-type=\"wp-post\" data-elementor-id=\"1555\" class=\"elementor elementor-1555\">\n\t\t\t\t\t\t<div class=\"elementor-inner\">\n\t\t\t\t<div class=\"elementor-section-wrap\">\n\t\t\t\t\t\t\t\t\t<section class=\"elementor-section elementor-top-section elementor-element elementor-element-65f05ecf elementor-section-boxed elementor-section-height-default elementor-section-height-default\" data-id=\"65f05ecf\" data-element_type=\"section\">\n\t\t\t\t\t\t<div class=\"elementor-container elementor-column-gap-default\">\n\t\t\t\t\t\t\t<div class=\"elementor-row\">\n\t\t\t\t\t<div class=\"elementor-column elementor-col-100 elementor-top-column elementor-element elementor-element-6af541cd\" data-id=\"6af541cd\" data-element_type=\"column\">\n\t\t\t<div class=\"elementor-column-wrap elementor-element-populated\">\n\t\t\t\t\t\t\t<div class=\"elementor-widget-wrap\">\n\t\t\t\t\t\t<div class=\"elementor-element elementor-element-3c1eb841 elementor-widget elementor-widget-text-editor\" data-id=\"3c1eb841\" data-element_type=\"widget\" data-widget_type=\"text-editor.default\">\n\t\t\t\t<div class=\"elementor-widget-container\">\n\t\t\t\t\t\t\t\t<div class=\"elementor-text-editor elementor-clearfix\">\n\t\t\t\t<!-- wp:image -->\n<figure class=\"wp-block-image\"><img alt=\"\"\/><\/figure>\n<!-- \/wp:image -->\t\t\t\t\t<\/div>\n\t\t\t\t\t\t<\/div>\n\t\t\t\t<\/div>\n\t\t\t\t\t\t<\/div>\n\t\t\t\t\t<\/div>\n\t\t<\/div>\n\t\t\t\t\t\t\t\t<\/div>\n\t\t\t\t\t<\/div>\n\t\t<\/section>\n\t\t\t\t<section class=\"elementor-section elementor-top-section elementor-element elementor-element-c2262f5 elementor-section-boxed elementor-section-height-default elementor-section-height-default\" data-id=\"c2262f5\" data-element_type=\"section\">\n\t\t\t\t\t\t<div class=\"elementor-container elementor-column-gap-default\">\n\t\t\t\t\t\t\t<div class=\"elementor-row\">\n\t\t\t\t\t<div class=\"elementor-column elementor-col-100 elementor-top-column elementor-element elementor-element-3eeff20\" data-id=\"3eeff20\" data-element_type=\"column\">\n\t\t\t<div class=\"elementor-column-wrap elementor-element-populated\">\n\t\t\t\t\t\t\t<div class=\"elementor-widget-wrap\">\n\t\t\t\t\t\t<div class=\"elementor-element elementor-element-519ee48 elementor-widget elementor-widget-text-editor\" data-id=\"519ee48\" data-element_type=\"widget\" data-widget_type=\"text-editor.default\">\n\t\t\t\t<div class=\"elementor-widget-container\">\n\t\t\t\t\t\t\t\t<div class=\"elementor-text-editor elementor-clearfix\">\n\t\t\t\t<ul>\n<li>Sind Sie zeitlich eingespannt?<\/li>\n<li>Schaffen Sie einfach nicht zu uns ins Autohaus zu kommen?<\/li>\n<li>Ben\u00f6tigen Sie noch ein Accessoire oder Zubeh\u00f6r f\u00fcr Ihr Fahrzeug oder wollen Sie einfach mal in unserem Sortiment st\u00f6bern?<\/li>\n<\/ul>\n<p><span style=\"text-decoration: underline;\">Wir haben die perfekte L\u00f6sung:<\/span><\/p>\n<p><a href=\"https:\/\/www.ebay.de\/str\/krauthahnberlin\" target=\"_blank\" rel=\"noopener\"><span style=\"text-decoration: underline;\">&gt;&gt;<strong>KLICKEN SIE HIER &#8211; UNSER eBay SHOP<\/strong>&lt;&lt;<\/span><\/a><\/p>\n<p>Schauen Sie auf unserem eBay &#8211; Shop vorbei. Hier finden Sie super g\u00fcnstige Angebote.<\/p>\n<p>Sie k\u00f6nnen, egal ob am Tage, am Abend oder am Wochenende, ganz einfach 24 h \/ 7 Tage die Woche bequem von zu Hause, unterwegs oder im B\u00fcro die Bestellung t\u00e4tigen- alles ganz unkompliziert.<\/p>\n<p><\/p>\n<p>Bei Fragen zu angebotenen Artikeln aus unserem eBay-Shop wenden Sie sich bitte an:<\/p>\n<p><span style=\"text-decoration: underline;\"><strong>Herrn Tekin Selmo &#8211; Teiledienst +49 30 896000-35<\/strong>&nbsp;<\/span><\/p>\t\t\t\t\t<\/div>\n\t\t\t\t\t\t<\/div>\n\t\t\t\t<\/div>\n\t\t\t\t\t\t<\/div>\n\t\t\t\t\t<\/div>\n\t\t<\/div>\n\t\t\t\t\t\t\t\t<\/div>\n\t\t\t\t\t<\/div>\n\t\t<\/section>\n\t\t\t\t<section class=\"elementor-section elementor-top-section elementor-element elementor-element-e5fc904 elementor-section-boxed elementor-section-height-default elementor-section-height-default\" data-id=\"e5fc904\" data-element_type=\"section\">\n\t\t\t\t\t\t<div class=\"elementor-container elementor-column-gap-default\">\n\t\t\t\t\t\t\t<div class=\"elementor-row\">\n\t\t\t\t\t<div class=\"elementor-column elementor-col-100 elementor-top-column elementor-element elementor-element-45cf639\" data-id=\"45cf639\" data-element_type=\"column\">\n\t\t\t<div class=\"elementor-column-wrap elementor-element-populated\">\n\t\t\t\t\t\t\t<div class=\"elementor-widget-wrap\">\n\t\t\t\t\t\t<div class=\"elementor-element elementor-element-4859784 elementor-widget elementor-widget-image\" data-id=\"4859784\" data-element_type=\"widget\" data-widget_type=\"image.default\">\n\t\t\t\t<div class=\"elementor-widget-container\">\n\t\t\t\t\t\t\t\t<div class=\"elementor-image\">\n\t\t\t\t\t\t\t\t\t\t\t\t<img decoding=\"async\" width=\"1024\" height=\"683\" src=\"https:\/\/www.krauthahn-berlin.de\/wp-content\/uploads\/2019\/05\/ipad-tablet-technology-touch-1024x683.jpg\" class=\"attachment-large size-large wp-image-1568\" alt=\"\" loading=\"lazy\" srcset=\"https:\/\/www.krauthahn-berlin.de\/wp-content\/uploads\/2019\/05\/ipad-tablet-technology-touch-1024x683.jpg 1024w, https:\/\/www.krauthahn-berlin.de\/wp-content\/uploads\/2019\/05\/ipad-tablet-technology-touch-300x200.jpg 300w, https:\/\/www.krauthahn-berlin.de\/wp-content\/uploads\/2019\/05\/ipad-tablet-technology-touch-768x512.jpg 768w\" sizes=\"(max-width: 1024px) 100vw, 1024px\" \/>\t\t\t\t\t\t\t\t\t\t\t\t\t\t<\/div>\n\t\t\t\t\t\t<\/div>\n\t\t\t\t<\/div>\n\t\t\t\t\t\t<\/div>\n\t\t\t\t\t<\/div>\n\t\t<\/div>\n\t\t\t\t\t\t\t\t<\/div>\n\t\t\t\t\t<\/div>\n\t\t<\/section>\n\t\t\t\t\t\t\t\t\t<\/div>\n\t\t\t<\/div>\n\t\t\t\t\t<\/div>\n\t\t","protected":false},"excerpt":{"rendered":"<p>Sind Sie zeitlich eingespannt? Schaffen Sie einfach nicht zu uns ins Autohaus zu kommen? Ben\u00f6tigen Sie noch ein Accessoire oder Zubeh\u00f6r f\u00fcr Ihr Fahrzeug oder wollen Sie einfach mal in unserem Sortiment st\u00f6bern? Wir haben die perfekte L\u00f6sung: &gt;&gt;KLICKEN SIE HIER &#8211; UNSER eBay SHOP&lt;&lt; Schauen Sie auf unserem eBay &#8211; Shop vorbei. Hier finden [&hellip;]<\/p>\n","protected":false},"author":2,"featured_media":0,"parent":0,"menu_order":0,"comment_status":"closed","ping_status":"closed","template":"","meta":[],"_links":{"self":[{"href":"https:\/\/www.krauthahn-berlin.de\/index.php\/wp-json\/wp\/v2\/pages\/1555"}],"collection":[{"href":"https:\/\/www.krauthahn-berlin.de\/index.php\/wp-json\/wp\/v2\/pages"}],"about":[{"href":"https:\/\/www.krauthahn-berlin.de\/index.php\/wp-json\/wp\/v2\/types\/page"}],"author":[{"embeddable":true,"href":"https:\/\/www.krauthahn-berlin.de\/index.php\/wp-json\/wp\/v2\/users\/2"}],"replies":[{"embeddable":true,"href":"https:\/\/www.krauthahn-berlin.de\/index.php\/wp-json\/wp\/v2\/comments?post=1555"}],"version-history":[{"count":21,"href":"https:\/\/www.krauthahn-berlin.de\/index.php\/wp-json\/wp\/v2\/pages\/1555\/revisions"}],"predecessor-version":[{"id":2096,"href":"https:\/\/www.krauthahn-berlin.de\/index.php\/wp-json\/wp\/v2\/pages\/1555\/revisions\/2096"}],"wp:attachment":[{"href":"https:\/\/www.krauthahn-berlin.de\/index.php\/wp-json\/wp\/v2\/media?parent=1555"}],"curies":[{"name":"wp","href":"https:\/\/api.w.org\/{rel}","templated":true}]}}